the prime factors of g?
7
List the prime factors of ((-4)/3)/((-4)/522).
2, 3, 29
Suppose 0 = -3*l + 4*l. Suppose 3*u - 4*w = 56, -2*u + 0*u - 2*w + 14 = l. What are the prime factors of u?
2, 3
Let s(r) = 3 + 4 + 0 - 4*r. Let m be s(6). Let h = -8 - m. List the prime factors of h.
3
Let k = 61 + 90. List the prime factors of k.
151
Let z(p) = p + 4. Let g = 1 + -3. Let y be 5 + g/(-1) + -2. List the prime factors of z(y).
3
Let o = 65 + -33. List the prime factors of o.
2
Let d = -13 - 1. Let i = d + 28. List the prime factors of i.
2, 7
Let f(l) = 2*l + 2. Let j be f(2). Let w be j/(-6)*(0 + -1). List the prime factors of (1 - w) + (12 - 0).
2, 3
What are the prime factors of (-920)/(-25) + (-1)/(-5)?
37
Let c(n) = 12*n**3 - 2*n**2 + 3*n - 5. List the prime factors of c(3).
2, 5, 31
Suppose 5*g - 15 = -5. Suppose -2*s + 1 = 5*k, g*k + k = -s. Let b = s - -3. List the prime factors of b.
2, 3
Let l be 26*(0 + (-4)/8). Suppose -16 + 4 = 3*s. What are the prime factors of s/5*(l + -2)?
2, 3
Let u(k) = 7*k + 11. What are the prime factors of u(11)?
2, 11
Let y(w) = -w**2 - 8*w + 5. Let x(m) = m**3 - 4*m**2 - 2*m + 1. Let s(j) = -j + 4. Let h be s(0). Let u be x(h). List the prime factors of y(u).
2, 3
Let f = 20 + -13. Let c = -4 + f. List the prime factors of c.
3
Let z(j) = 2*j + 1. Let s(w) = -3*w - 3*w**2 - 3*w + 10 + 2*w**2. Let r be s(-7). List the prime factors of z(r).
7
List the prime factors of (-2)/((-3)/(276/8)).
23
Let i(k) = k**2 + 6*k - 14. Let z = 15 + -25. List the prime factors of i(z).
2, 13
Suppose -10*z + 236 = -8*z. What are the prime factors of z?
2, 59
What are the prime factors of (-1365)/(-26)*(-4)/(-5)?
2, 3, 7
What are the prime factors of 49 - (-3 - -19)/(-4)?
53
Let v = 5 + 1. List the prime factors of (-7 + v)/(1/(-19)).
19
Suppose 0 = -5*h + 5*j + 380, -258 = -2*h - h - 3*j. List the prime factors of h.
3
Let w = -21 + 11. List the prime factors of (w + 4)*8/(-3).
2
List the prime factors of ((-2)/((-8)/(-4)))/(4/(-1188)).
3, 11
Let s = -1311 + 86. What are the prime factors of s/(-28) - 2/(-8)?
2, 11
Let u(f) = -5*f**2 + 172. What are the prime factors of u(0)?
2, 43
Let f be (-35)/45 + (-2)/9. Let o(r) = -4*r**3 + r. Let l be o(f). Suppose -x - u = x - l, 6 = -2*u. What are the prime factors of x?
3
Suppose 3*y = 2*y + 23. What are the prime factors of y?
23
Let w(q) = -q + 1. Let x(j) = -1. Let t(k) = -2*w(k) - 5*x(k). List the prime factors of t(7).
17
Suppose 4*g - 3*o - 156 = 0, 0 = -5*g + g + o + 156. What are the prime factors of g?
3, 13
Let m be (18/10)/((-7)/(-35)). Suppose -2*d = 1 - m. Suppose -3*f + 0 - 16 = -o, d*f = -o - 5. What are the prime factors of o?
7
Let f(a) = -a**3 - 2*a**2 + a + 4. Let d = -20 + 16. What are the prime factors of f(d)?
2
Suppose 3*c + 4 = 10. Let t = c + 4. Let k = t + -2. What are the prime factors of k?
2
Suppose -3*r + 5 = -4. Let o = r - 1. Suppose -3*l = 3*z - 48, z - 2*l - 6 = -o. List the prime factors of z.
2, 3
Suppose -i = 2*i - 543. List the prime factors of i.
181
Let o = -1 + -4. Let z(g) = g**2 + 3*g - 7. What are the prime factors of z(o)?
3
Suppose -3 = -3*d + 3*o, -o - 3*o = -8. Let q(z) = z**3 + 0*z + 2*z**2 - 5*z**2 + 3*z - 3. List the prime factors of q(d).
2, 3
Let c be (15/6)/5*0. Let k = c + 8. Suppose -k*x = -3*x - 60. List the prime factors of x.
2, 3
Let j(c) = -5*c + 11. List the prime factors of j(-16).
7, 13
Let l = 30 - -104. List the prime factors of l.
2, 67
Suppose 4*x = 441 + 483. List the prime factors of x.
3, 7, 11
Let m(x) = -4*x**2 + 3 - 4 - 2 + 5*x**2. What are the prime factors of m(5)?
2, 11
Suppose -1 = -5*q + 24. Suppose 2*x - 12 = -2*u, -3*x + 31 = 5*u + q. Suppose -r + 4*c = -22, 0 = u*c + c + 25. List the prime factors of r.
2
Suppose 0 = -4*q + q + 2*k + 4, -1 = -q + k. Suppose q*r = 4*r - 4. Suppose r*a - 53 = -0*n - 5*n, -2*n = 2*a - 20. List the prime factors of n.
11
Suppose -2*j = 4*u - 478, j = -u - 3*u + 229. List the prime factors of j.
3, 83
Let n = 397 - 176. What are the prime factors of n?
13, 17
Suppose 6*r + 139 - 1477 = 0. List the prime factors of r.
223
Suppose -n + 36 = -0. List the prime factors of n.
2, 3
Suppose 28 = -v - 2*t + 78, v - 2*t - 62 = 0. List the prime factors of v.
2, 7
Let v be 2/2 - (-45 + 0). Let a(s) = 6*s + 9. Let b be a(-6). Let m = v + b. What are the prime factors of m?
19
Let i(r) = 2*r**2. Let v be i(-1). Let k be (-2 - -2)*v/(-4). Suppose -2*w + 7 = -2*l - 9, k = -5*l. What are the prime factors of w?
2
Let h be (1 - 1) + 0 + 3. Suppose 11 = 4*u + h. What are the prime factors of (1 - u - -3) + 4?
2, 3
Let z(q) = q - 4. Let n be z(3). Let o be -2 + 8 - (n + 2). Suppose f = r + 25 - o, 2*r + 10 = 0. What are the prime factors of f?
3, 5
Suppose 103 = 5*k - 347. List the prime factors of k.
2, 3, 5
Let i = 324 + -166. List the prime factors of i.
2, 79
Let r = 39 + -23. Let y be (r/(-10))/((-2)/(-10)). Let f(k) = -k**3 - 8*k**2 - k + 3. What are the prime factors of f(y)?
11
Let o be (0 + 0)*1 + -2. Let j = o - -12. What are the prime factors of j?
2, 5
Suppose -3*g = -8*g + 90. List the prime factors of g.
2, 3
Suppose 5*m + 2*r - 85 = -0*r, 0 = m + 3*r - 4. Let g = -13 + m. What are the prime factors of g?
2, 3
Let p(q) = -2*q**2 - 3*q - 3. Let l be p(-2). Let b = -17 - l. Let t = 21 + b. List the prime factors of t.
3
Let x = 3 + 0. Suppose -6*g + 96 = -x*g. List the prime factors of g.
2
Let j = -5 + 5. Let k(d) = d**3 - d**2 + 20. Let r be k(j). Suppose 3*n = f + r + 18, -2*f + 12 = 2*n. List the prime factors of n.
11
Let d(m) = m**2 + 2*m - 40. List the prime factors of d(-10).
2, 5
Let s be (2/6)/((-7)/(-105)). Suppose -s*i + p + 2*p - 22 = 0, 5*p - 10 = -5*i. List the prime factors of (-1)/i - (-24)/16.
2
Let f(t) = 3*t**2 - 2*t + 1. Let z be f(1). Let x be -1 - (z + -7*1). Suppose h + h - x = 0. What are the prime factors of h?
2
List the prime factors of -86*(-2)/2*4.
2, 43
Let d be 0 + 8 - 6/2. Suppose -4*l = -d*o - 154, 2*l - l + 140 = -4*o. Let c = -17 - o. What are the prime factors of c?
17
Let n = 17 + -2. Let u = n - 8. What are the prime factors of u?
7
List the prime factors of (-18)/(-45) - 316/(-10).
2
Let h = -74 - -105. Let c = h + -15. Suppose 3*p - 4 = -c, -3*m + 2*p = -32. What are the prime factors of m?
2
Let b(w) = -2*w**3 - 3*w**2 - 7*w - 2. List the prime factors of b(-3).
2, 23
Let y(j) = 2*j + 3. List the prime factors of y(3).
3
Suppose 0 = -2*b + b + 13. Suppose -5*j + 4*j = -b. List the prime factors of j.
13
What are the prime factors of 428/8 + (-3)/(-2)?
5, 11
Let t = 4 + -4. Suppose 4*q + 0*q - 32 = t. List the prime factors of q.
2
Suppose -3*i + 18 = -4*h, 0*i + 3*h = -3*i + 18. Suppose -3*t = -t + i. Let w = t - -15. List the prime factors of w.
2, 3
Let u = 23 - 32. Let w be (u/(-6))/(1/12). Let x = w - 8. What are the prime factors of x?
2, 5
Let s(l) = 2*l - 3. Let y be s(3). Let t(c) = 4*c + 4*c - c**y + 6*c**2 - 6 + 3. What are the prime factors of t(7)?
2
Suppose -2*s + 144 = 2*s. List the prime factors of s.
2, 3
Let h(o) be the second derivative of -5*o**3/6 - 5*o**2/2 + o. List the prime factors of h(-4).
3, 5
Let b(d) = d + 9. Let r be b(-6). Let k be (-642)/(-18) + 1/r. What are the prime factors of (-10)/(-25) - k/(-10)?
2
Let t = -7 + 8. Let n = 1 + t. Let j = 4 + n. List the prime factors of j.
2, 3
Let z(s) = 9*s**2 - 2*s - 3. List the prime factors of z(-2).
37
Suppose 20 = 5*b - 3*q, 15 = -5*b - 4*q - 0. Let h be b + -1 + 3 + 7. Suppose g - h = -3. What are the prime factors of g?
7
Let c(f) = 5*f**2 - f. What are the prime factors of c(-2)?
2, 11
Suppose 3*f - 95 - 28 = 0. Suppose -t - 3*a = -f, 0*t + 3*t + 4*a - 133 = 0. List the prime factors of t.
47
Suppose 2*h + 3*u + 1 - 10 = 0, 4*h = 5*u + 7. Suppose k - 10 = h. Suppose k = l + 1. What are the prime factors of l?
2, 3
Suppose -t - 4*r = -45, -5*t - 4*r + 88 = -73. List the prime factors of t.
29
Suppose 118 = -a + 3*a. Suppose 3*l = r - l - 33, 3*r - a = 4*l. What are the prime factors of r?
13
Suppose v - 20 = -3. Let l = 15 + v. What are the prime factors of l?
2
Suppose -51 = -3*u + y, 4*u + 4*y - 51 - 33 = 0. Suppose c - u = -4. List the prime factors of c.
2, 7
Let j(n) = n**3 + n + 7. What are the prime factors of j(3)?
37
Let w be (2/2 - -13) + -1. Let 